{"id":29,"date":"2014-12-04T21:23:48","date_gmt":"2014-12-04T19:23:48","guid":{"rendered":"http:\/\/schrell.at\/de\/?page_id=29"},"modified":"2024-09-24T10:00:27","modified_gmt":"2024-09-24T08:00:27","slug":"impressum","status":"publish","type":"page","link":"https:\/\/schrell.at\/de\/impressum\/","title":{"rendered":"IMPRESSUM"},"content":{"rendered":"<h5><\/h5>\n<h5><\/h5>\n<h5>IMPRESSUM<\/h5>\n<p>Gesch\u00e4ftsf\u00fchrerinnen:<br \/>\nGerhild Schremmer, Ute Schremmer<\/p>\n<p>Gestaltung und Produktion:<br \/>\nThomas Schneider<br \/>\nUntere Wei\u00dfgerberstra\u00dfe 5\/3-4, 1030 Wien<\/p>\n<p>Herausgeber:<br \/>\nARCHITEKTINNEN SCHREMMER-JELL ZT GMBH.<br \/>\nOttensheimerstr.58<br \/>\na-4040 linz<\/p>\n<p>Firmenbuchnummer: 18900 t<br \/>\nFirmenbuchgericht: Handelsgericht Linz<br \/>\nUID-Nummer: ATU 48717900<br \/>\nMitglied der Kammer der Ziviltechniker:innen | Architekt:innen und Ingenieur:innen Ober\u00f6sterreich und Salzburg<\/p>\n<p>arch&#105;&#116;&#101;&#107;&#116;&#x65;&#x6e;&#x40;&#x73;&#x63;&#x68;&#x72;ell&#46;&#97;&#116;<\/p>\n<p>tel +43.732-733084<br \/>\nfax +43.732-710354<\/p>\n","protected":false},"excerpt":{"rendered":"<p>IMPRESSUM Gesch\u00e4ftsf\u00fchrerinnen: Gerhild Schremmer, Ute Schremmer Gestaltung und Produktion: Thomas Schneider Untere Wei\u00dfgerberstra\u00dfe 5\/3-4, 1030 Wien Herausgeber: ARCHITEKTINNEN SCHREMMER-JELL ZT GMBH. Ottensheimerstr.58 a-4040 linz Firmenbuchnummer: 18900 t Firmenbuchgericht: Handelsgericht Linz UID-Nummer: ATU 48717900 Mitglied der Kammer der Ziviltechniker:innen | Architekt:innen und Ingenieur:innen Ober\u00f6sterreich und Salzburg &#x61;&#114;c&#x68;&#105;t&#x65;&#107;t&#x65;&#x6e;&#64;&#x73;&#x63;&#104;r&#x65;&#108;l&#x2e;&#97;t tel +43.732-733084 fax +43.732-710354<\/p>\n","protected":false},"author":1,"featured_media":0,"parent":0,"menu_order":0,"comment_status":"closed","ping_status":"open","template":"","meta":{"footnotes":""},"yoast_head":"<!-- This site is optimized with the Yoast SEO plugin v21.8 - https:\/\/yoast.com\/wordpress\/plugins\/seo\/ -->\n<title>IMPRESSUM - Architektinnen Schremmer-Jell<\/title>\n<meta name=\"robots\" content=\"index, follow, max-snippet:-1, max-image-preview:large, max-video-preview:-1\" \/>\n<link rel=\"canonical\" href=\"https:\/\/schrell.at\/de\/impressum\/\" \/>\n<meta property=\"og:locale\" content=\"en_GB\" \/>\n<meta property=\"og:type\" content=\"article\" \/>\n<meta property=\"og:title\" content=\"IMPRESSUM - Architektinnen Schremmer-Jell\" \/>\n<meta property=\"og:description\" content=\"IMPRESSUM Gesch\u00e4ftsf\u00fchrerinnen: Gerhild Schremmer, Ute Schremmer Gestaltung und Produktion: Thomas Schneider Untere Wei\u00dfgerberstra\u00dfe 5\/3-4, 1030 Wien Herausgeber: ARCHITEKTINNEN SCHREMMER-JELL ZT GMBH. Ottensheimerstr.58 a-4040 linz Firmenbuchnummer: 18900 t Firmenbuchgericht: Handelsgericht Linz UID-Nummer: ATU 48717900 Mitglied der Kammer der Ziviltechniker:innen | Architekt:innen und Ingenieur:innen Ober\u00f6sterreich und Salzburg a&#114;&#099;&#x68;&#x69;te&#107;&#116;&#x65;&#x6e;&#064;s&#099;&#104;&#x72;&#x65;ll&#046;&#x61;&#x74; tel +43.732-733084 fax +43.732-710354\" \/>\n<meta property=\"og:url\" content=\"https:\/\/schrell.at\/de\/impressum\/\" \/>\n<meta property=\"og:site_name\" content=\"Architektinnen Schremmer-Jell\" \/>\n<meta property=\"article:publisher\" content=\"https:\/\/www.facebook.com\/ArchitektinnenSchremmerJell\" \/>\n<meta property=\"article:modified_time\" content=\"2024-09-24T08:00:27+00:00\" \/>\n<meta name=\"twitter:label1\" content=\"Estimated reading time\" \/>\n\t<meta name=\"twitter:data1\" content=\"1 minute\" \/>\n<script type=\"application\/ld+json\" class=\"yoast-schema-graph\">{\"@context\":\"https:\/\/schema.org\",\"@graph\":[{\"@type\":\"WebPage\",\"@id\":\"https:\/\/schrell.at\/de\/impressum\/\",\"url\":\"https:\/\/schrell.at\/de\/impressum\/\",\"name\":\"IMPRESSUM - Architektinnen Schremmer-Jell\",\"isPartOf\":{\"@id\":\"https:\/\/schrell.at\/de\/#website\"},\"datePublished\":\"2014-12-04T19:23:48+00:00\",\"dateModified\":\"2024-09-24T08:00:27+00:00\",\"breadcrumb\":{\"@id\":\"https:\/\/schrell.at\/de\/impressum\/#breadcrumb\"},\"inLanguage\":\"en-GB\",\"potentialAction\":[{\"@type\":\"ReadAction\",\"target\":[\"https:\/\/schrell.at\/de\/impressum\/\"]}]},{\"@type\":\"BreadcrumbList\",\"@id\":\"https:\/\/schrell.at\/de\/impressum\/#breadcrumb\",\"itemListElement\":[{\"@type\":\"ListItem\",\"position\":1,\"name\":\"Home\",\"item\":\"https:\/\/schrell.at\/de\/\"},{\"@type\":\"ListItem\",\"position\":2,\"name\":\"IMPRESSUM\"}]},{\"@type\":\"WebSite\",\"@id\":\"https:\/\/schrell.at\/de\/#website\",\"url\":\"https:\/\/schrell.at\/de\/\",\"name\":\"Architektinnen Schremmer-Jell\",\"description\":\"Architekturb\u00fcro Ottensheimerstra\u00dfe 58 LINZ\",\"publisher\":{\"@id\":\"https:\/\/schrell.at\/de\/#organization\"},\"potentialAction\":[{\"@type\":\"SearchAction\",\"target\":{\"@type\":\"EntryPoint\",\"urlTemplate\":\"https:\/\/schrell.at\/de\/?s={search_term_string}\"},\"query-input\":\"required name=search_term_string\"}],\"inLanguage\":\"en-GB\"},{\"@type\":\"Organization\",\"@id\":\"https:\/\/schrell.at\/de\/#organization\",\"name\":\"Architektinnen Schremmer-Jell\",\"url\":\"https:\/\/schrell.at\/de\/\",\"logo\":{\"@type\":\"ImageObject\",\"inLanguage\":\"en-GB\",\"@id\":\"https:\/\/schrell.at\/de\/#\/schema\/logo\/image\/\",\"url\":\"https:\/\/schrell.at\/de\/wp-content\/uploads\/2023\/10\/Sch_Logo_grun_hoch.jpg\",\"contentUrl\":\"https:\/\/schrell.at\/de\/wp-content\/uploads\/2023\/10\/Sch_Logo_grun_hoch.jpg\",\"width\":1296,\"height\":1747,\"caption\":\"Architektinnen Schremmer-Jell\"},\"image\":{\"@id\":\"https:\/\/schrell.at\/de\/#\/schema\/logo\/image\/\"},\"sameAs\":[\"https:\/\/www.facebook.com\/ArchitektinnenSchremmerJell\",\"https:\/\/www.instagram.com\/architektinnenschremmer\/\"]}]}<\/script>\n<!-- \/ Yoast SEO plugin. -->","yoast_head_json":{"title":"IMPRESSUM - Architektinnen Schremmer-Jell","robots":{"index":"index","follow":"follow","max-snippet":"max-snippet:-1","max-image-preview":"max-image-preview:large","max-video-preview":"max-video-preview:-1"},"canonical":"https:\/\/schrell.at\/de\/impressum\/","og_locale":"en_GB","og_type":"article","og_title":"IMPRESSUM - Architektinnen Schremmer-Jell","og_description":"IMPRESSUM Gesch\u00e4ftsf\u00fchrerinnen: Gerhild Schremmer, Ute Schremmer Gestaltung und Produktion: Thomas Schneider Untere Wei\u00dfgerberstra\u00dfe 5\/3-4, 1030 Wien Herausgeber: ARCHITEKTINNEN SCHREMMER-JELL ZT GMBH. Ottensheimerstr.58 a-4040 linz Firmenbuchnummer: 18900 t Firmenbuchgericht: Handelsgericht Linz UID-Nummer: ATU 48717900 Mitglied der Kammer der Ziviltechniker:innen | Architekt:innen und Ingenieur:innen Ober\u00f6sterreich und Salzburg a&#114;&#99;&#x68;&#x69;te&#107;&#116;&#x65;&#x6e;&#64;s&#99;&#104;&#x72;&#x65;ll&#46;&#x61;&#x74; tel +43.732-733084 fax +43.732-710354","og_url":"https:\/\/schrell.at\/de\/impressum\/","og_site_name":"Architektinnen Schremmer-Jell","article_publisher":"https:\/\/www.facebook.com\/ArchitektinnenSchremmerJell","article_modified_time":"2024-09-24T08:00:27+00:00","twitter_misc":{"Estimated reading time":"1 minute"},"schema":{"@context":"https:\/\/schema.org","@graph":[{"@type":"WebPage","@id":"https:\/\/schrell.at\/de\/impressum\/","url":"https:\/\/schrell.at\/de\/impressum\/","name":"IMPRESSUM - Architektinnen Schremmer-Jell","isPartOf":{"@id":"https:\/\/schrell.at\/de\/#website"},"datePublished":"2014-12-04T19:23:48+00:00","dateModified":"2024-09-24T08:00:27+00:00","breadcrumb":{"@id":"https:\/\/schrell.at\/de\/impressum\/#breadcrumb"},"inLanguage":"en-GB","potentialAction":[{"@type":"ReadAction","target":["https:\/\/schrell.at\/de\/impressum\/"]}]},{"@type":"BreadcrumbList","@id":"https:\/\/schrell.at\/de\/impressum\/#breadcrumb","itemListElement":[{"@type":"ListItem","position":1,"name":"Home","item":"https:\/\/schrell.at\/de\/"},{"@type":"ListItem","position":2,"name":"IMPRESSUM"}]},{"@type":"WebSite","@id":"https:\/\/schrell.at\/de\/#website","url":"https:\/\/schrell.at\/de\/","name":"Architektinnen Schremmer-Jell","description":"Architekturb\u00fcro Ottensheimerstra\u00dfe 58 LINZ","publisher":{"@id":"https:\/\/schrell.at\/de\/#organization"},"potentialAction":[{"@type":"SearchAction","target":{"@type":"EntryPoint","urlTemplate":"https:\/\/schrell.at\/de\/?s={search_term_string}"},"query-input":"required name=search_term_string"}],"inLanguage":"en-GB"},{"@type":"Organization","@id":"https:\/\/schrell.at\/de\/#organization","name":"Architektinnen Schremmer-Jell","url":"https:\/\/schrell.at\/de\/","logo":{"@type":"ImageObject","inLanguage":"en-GB","@id":"https:\/\/schrell.at\/de\/#\/schema\/logo\/image\/","url":"https:\/\/schrell.at\/de\/wp-content\/uploads\/2023\/10\/Sch_Logo_grun_hoch.jpg","contentUrl":"https:\/\/schrell.at\/de\/wp-content\/uploads\/2023\/10\/Sch_Logo_grun_hoch.jpg","width":1296,"height":1747,"caption":"Architektinnen Schremmer-Jell"},"image":{"@id":"https:\/\/schrell.at\/de\/#\/schema\/logo\/image\/"},"sameAs":["https:\/\/www.facebook.com\/ArchitektinnenSchremmerJell","https:\/\/www.instagram.com\/architektinnenschremmer\/"]}]}},"_links":{"self":[{"href":"https:\/\/schrell.at\/de\/wp-json\/wp\/v2\/pages\/29"}],"collection":[{"href":"https:\/\/schrell.at\/de\/wp-json\/wp\/v2\/pages"}],"about":[{"href":"https:\/\/schrell.at\/de\/wp-json\/wp\/v2\/types\/page"}],"author":[{"embeddable":true,"href":"https:\/\/schrell.at\/de\/wp-json\/wp\/v2\/users\/1"}],"replies":[{"embeddable":true,"href":"https:\/\/schrell.at\/de\/wp-json\/wp\/v2\/comments?post=29"}],"version-history":[{"count":14,"href":"https:\/\/schrell.at\/de\/wp-json\/wp\/v2\/pages\/29\/revisions"}],"predecessor-version":[{"id":4637,"href":"https:\/\/schrell.at\/de\/wp-json\/wp\/v2\/pages\/29\/revisions\/4637"}],"wp:attachment":[{"href":"https:\/\/schrell.at\/de\/wp-json\/wp\/v2\/media?parent=29"}],"curies":[{"name":"wp","href":"https:\/\/api.w.org\/{rel}","templated":true}]}}

<h5></h5>
<h5></h5>
<h5>IMPRESSUM</h5>
<p>Geschäftsführerinnen:<br />
Gerhild Schremmer, Ute Schremmer</p>
<p>Gestaltung und Produktion:<br />
Thomas Schneider<br />
Untere Weißgerberstraße 5/3-4, 1030 Wien</p>
<p>Herausgeber:<br />
ARCHITEKTINNEN SCHREMMER-JELL ZT GMBH.<br />
Ottensheimerstr.58<br />
a-4040 linz</p>
<p>Firmenbuchnummer: 18900 t<br />
Firmenbuchgericht: Handelsgericht Linz<br />
UID-Nummer: ATU 48717900<br />
Mitglied der Kammer der Ziviltechniker:innen | Architekt:innen und Ingenieur:innen Oberösterreich und Salzburg</p>
<p>arch&#105;&#116;&#101;&#107;&#116;&#x65;&#x6e;&#x40;&#x73;&#x63;&#x68;&#x72;ell&#46;&#97;&#116;</p>
<p>tel +43.732-733084<br />
fax +43.732-710354</p>

<p>IMPRESSUM Geschäftsführerinnen: Gerhild Schremmer, Ute Schremmer Gestaltung und Produktion: Thomas Schneider Untere Weißgerberstraße 5/3-4, 1030 Wien Herausgeber: ARCHITEKTINNEN SCHREMMER-JELL ZT GMBH. Ottensheimerstr.58 a-4040 linz Firmenbuchnummer: 18900 t Firmenbuchgericht: Handelsgericht Linz UID-Nummer: ATU 48717900 Mitglied der Kammer der Ziviltechniker:innen | Architekt:innen und Ingenieur:innen Oberösterreich und Salzburg &#x61;&#114;c&#x68;&#105;t&#x65;&#107;t&#x65;&#x6e;&#64;&#x73;&#x63;&#104;r&#x65;&#108;l&#x2e;&#97;t tel +43.732-733084 fax +43.732-710354</p>

<!-- This site is optimized with the Yoast SEO plugin v21.8 - https://yoast.com/wordpress/plugins/seo/ -->
<title>IMPRESSUM - Architektinnen Schremmer-Jell</title>
<meta name="robots" content="index, follow, max-snippet:-1, max-image-preview:large, max-video-preview:-1" />
<link rel="canonical" href="https://schrell.at/de/impressum/" />
<meta property="og:locale" content="en_GB" />
<meta property="og:type" content="article" />
<meta property="og:title" content="IMPRESSUM - Architektinnen Schremmer-Jell" />
<meta property="og:description" content="IMPRESSUM Geschäftsführerinnen: Gerhild Schremmer, Ute Schremmer Gestaltung und Produktion: Thomas Schneider Untere Weißgerberstraße 5/3-4, 1030 Wien Herausgeber: ARCHITEKTINNEN SCHREMMER-JELL ZT GMBH. Ottensheimerstr.58 a-4040 linz Firmenbuchnummer: 18900 t Firmenbuchgericht: Handelsgericht Linz UID-Nummer: ATU 48717900 Mitglied der Kammer der Ziviltechniker:innen | Architekt:innen und Ingenieur:innen Oberösterreich und Salzburg a&#114;&#099;&#x68;&#x69;te&#107;&#116;&#x65;&#x6e;&#064;s&#099;&#104;&#x72;&#x65;ll&#046;&#x61;&#x74; tel +43.732-733084 fax +43.732-710354" />
<meta property="og:url" content="https://schrell.at/de/impressum/" />
<meta property="og:site_name" content="Architektinnen Schremmer-Jell" />
<meta property="article:publisher" content="https://www.facebook.com/ArchitektinnenSchremmerJell" />
<meta property="article:modified_time" content="2024-09-24T08:00:27+00:00" />
<meta name="twitter:label1" content="Estimated reading time" />
	<meta name="twitter:data1" content="1 minute" />
<script type="application/ld+json" class="yoast-schema-graph">{"@context":"https://schema.org","@graph":[{"@type":"WebPage","@id":"https://schrell.at/de/impressum/","url":"https://schrell.at/de/impressum/","name":"IMPRESSUM - Architektinnen Schremmer-Jell","isPartOf":{"@id":"https://schrell.at/de/#website"},"datePublished":"2014-12-04T19:23:48+00:00","dateModified":"2024-09-24T08:00:27+00:00","breadcrumb":{"@id":"https://schrell.at/de/impressum/#breadcrumb"},"inLanguage":"en-GB","potentialAction":[{"@type":"ReadAction","target":["https://schrell.at/de/impressum/"]}]},{"@type":"BreadcrumbList","@id":"https://schrell.at/de/impressum/#breadcrumb","itemListElement":[{"@type":"ListItem","position":1,"name":"Home","item":"https://schrell.at/de/"},{"@type":"ListItem","position":2,"name":"IMPRESSUM"}]},{"@type":"WebSite","@id":"https://schrell.at/de/#website","url":"https://schrell.at/de/","name":"Architektinnen Schremmer-Jell","description":"Architekturbüro Ottensheimerstraße 58 LINZ","publisher":{"@id":"https://schrell.at/de/#organization"},"potentialAction":[{"@type":"SearchAction","target":{"@type":"EntryPoint","urlTemplate":"https://schrell.at/de/?s={search_term_string}"},"query-input":"required name=search_term_string"}],"inLanguage":"en-GB"},{"@type":"Organization","@id":"https://schrell.at/de/#organization","name":"Architektinnen Schremmer-Jell","url":"https://schrell.at/de/","logo":{"@type":"ImageObject","inLanguage":"en-GB","@id":"https://schrell.at/de/#/schema/logo/image/","url":"https://schrell.at/de/wp-content/uploads/2023/10/Sch_Logo_grun_hoch.jpg","contentUrl":"https://schrell.at/de/wp-content/uploads/2023/10/Sch_Logo_grun_hoch.jpg","width":1296,"height":1747,"caption":"Architektinnen Schremmer-Jell"},"image":{"@id":"https://schrell.at/de/#/schema/logo/image/"},"sameAs":["https://www.facebook.com/ArchitektinnenSchremmerJell","https://www.instagram.com/architektinnenschremmer/"]}]}</script>
<!-- / Yoast SEO plugin. -->

IMPRESSUM Geschäftsführerinnen: Gerhild Schremmer, Ute Schremmer Gestaltung und Produktion: Thomas Schneider Untere Weißgerberstraße 5/3-4, 1030 Wien Herausgeber: ARCHITEKTINNEN SCHREMMER-JELL ZT GMBH. Ottensheimerstr.58 a-4040 linz Firmenbuchnummer: 18900 t Firmenbuchgericht: Handelsgericht Linz UID-Nummer: ATU 48717900 Mitglied der Kammer der Ziviltechniker:innen | Architekt:innen und Ingenieur:innen Oberösterreich und Salzburg a&#114;&#99;&#x68;&#x69;te&#107;&#116;&#x65;&#x6e;&#64;s&#99;&#104;&#x72;&#x65;ll&#46;&#x61;&#x74; tel +43.732-733084 fax +43.732-710354

Architekturbüro Ottensheimerstraße 58 LINZ
